{"id":226,"date":"2016-01-21T10:20:19","date_gmt":"2016-01-21T10:20:19","guid":{"rendered":"http:\/\/cms.ballon.de\/?page_id=226"},"modified":"2016-01-25T09:54:37","modified_gmt":"2016-01-25T09:54:37","slug":"befoerderungsbedingungen","status":"publish","type":"page","link":"https:\/\/ballon.de\/?page_id=226","title":{"rendered":"Bef\u00f6rderungsbedingungen"},"content":{"rendered":"<p><img loading=\"lazy\" class=\"size-medium wp-image-55 alignright\" src=\"https:\/\/ballon.de\/wp-content\/uploads\/2015\/12\/IMG_0224-300x225.jpg\" alt=\"Ballonteam Werl\" width=\"300\" height=\"225\" srcset=\"https:\/\/ballon.de\/wp-content\/uploads\/2015\/12\/IMG_0224-300x225.jpg 300w, https:\/\/ballon.de\/wp-content\/uploads\/2015\/12\/IMG_0224-768x576.jpg 768w, https:\/\/ballon.de\/wp-content\/uploads\/2015\/12\/IMG_0224-1024x768.jpg 1024w\" sizes=\"(max-width: 300px) 100vw, 300px\" \/>Sie erhalten einen Antwortbogen von uns, den Sie bitte umgehend ausgef\u00fcllt und unterschrieben ans Ballonteam Werl zur\u00fccksenden. Erst dann erfolgt die Aufnahme in die Bef\u00f6rderungsliste des Unternehmens. Bei ganz kurzfristig angesetzten Veranstaltungen kann diese Unterschrift auch vor dem Start geleistet werden.<\/p>\n<p>&nbsp;<\/p>\n<p><strong>Bef\u00f6rderungsbedingungen<br \/>\n<\/strong><\/p>\n<p>Teilen Sie etwaige gesundheitliche Beschwerden (Herz, Kreislauf, Gelenke, Operationen oder \u00e4hnliches) bei der Terminabsprache dem Piloten mit. Von Ballonfahrten w\u00e4hrend der Schwangerschaft raten wir ab. <strong>Ballonfahren ist eine sportliche Bet\u00e4tigung, bei der alle mit anfassen m\u00fcssen<\/strong>. Sollten Sie nicht in der Lage sein, beim Aufr\u00fcsten mit anzufassen, so bitten wir um rechtzeitige Absprache mit uns. Ersatzkr\u00e4fte k\u00f6nnen gestellt werden.<\/p>\n<p>Gutscheine sind unverz\u00fcglich nach Erhalt und vor der Fahrt zu bezahlen, ansonsten keine Fahrtdurchf\u00fchrung. <strong>Erst nach Erhalt des Geldes und R\u00fccksendung des Mitfahrerformulars werden die G\u00e4ste in die \u201eBef\u00f6rderungsliste\u201c aufgenommen.<\/strong> Gutscheine sind nur mit Zustimmung des Unternehmers \u00fcbertragbar. Sie sind bis sp\u00e4testens 24 Monate nach Ausstellung bei dem Ballonteam Werl zur Fahrtdurchf\u00fchrung einzul\u00f6sen (\u00c4nderungen bed\u00fcrfen der Zustimmung des Ballonteams). Stornierungen sind nur innerhalb von 4 Wochen nach Ausstellung unter Abzug von 50% pauschaler Kosten vom Fahrpreis m\u00f6glich. Danach verf\u00e4llt der Betrag.<\/p>\n<p><strong>Sollte der Gast zum vereinbarten Termin nicht am Abfahrtsort erscheinen, so verf\u00e4llt sein Fahrtanspruch<\/strong>, es sei denn eine zahlende Ersatzperson k\u00f6nnte noch rechtzeitig einspringen.<\/p>\n<p>Den Passagieren ist bekannt, dass eine Bef\u00f6rderung &#8222;der Reihe nach&#8220; durchgef\u00fchrt wird. Ausnahmen sind nach Absprache wegen besonderer Anl\u00e4sse m\u00f6glich. Es wird seitens des Ballonteams Werl versucht, die Fahrten m\u00f6glichst innerhalb von zwei Jahren durchzuf\u00fchren. Allerdings k\u00f6nnen Wetter oder andere widrige Umst\u00e4nde auch einen l\u00e4ngeren Wartezeitraum bewirken. Die G\u00fcltigkeit des Gutscheins verl\u00e4ngert sich dann auf drei Jahre. Auch die Passagiere sind verpflichtet sich zur Fahrtabsprache mit dem Ballonteam in Verbindung zu setzen.<\/p>\n<p>Die Mindestfahrtdauer betr\u00e4gt 50 Minuten. Bei vorzeitigen Fahrtabbr\u00fcchen, gleich welcher Art, entscheidet das Ballonteam dar\u00fcber, ob die Fahrt wiederholt wird. Bei Fehlanfahrten der Passagiere besteht kein Entsch\u00e4di-gungsanspruch gegen\u00fcber dem Unternehmer oder dessen Beauftragten. Es wird dann ein Ersatztermin verein-bart. Der Treffpunkt ist in 59457 Werl, falls nicht anders vereinbart.<\/p>\n<p>Der verantwortliche Luftfahrzeugf\u00fchrer hat w\u00e4hrend des Starts, der Fahrt, der Landung sowie beim Auf- und Abr\u00fcsten die geeigneten Ma\u00dfnahmen zur Aufrechterhaltung der Sicherheit und der Ordnung zu treffen. Alle beteiligten Personen haben den hierzu notwendigen Anordnungen Folge zu leisten. Desgleichen trifft er Ent-scheidungen \u00fcber Start, Startplatz, Fahrth\u00f6he, Fahrtdauer und Landeort.<\/p>\n<p>Betrunkene oder unter Rauschmittel stehende Personen werden nicht bef\u00f6rdert. Kinder unter 12 Jahren oder kleiner als 1.30 m k\u00f6nnen nicht mitfahren. Jugendliche unter 16 Jahren bed\u00fcrfen der Begleitung eines Erzie-hungsberechtigten.<\/p>\n<p>Fotoapparate oder \u00e4hnliche Teile (z. B. Videokameras, Ferngl\u00e4ser) sind nicht versichert und d\u00fcrfen nur in einem daf\u00fcr geeigneten Beh\u00e4lter mitgenommen werden. Glas oder glas\u00e4hnliche, spitze oder scharfe Gegenst\u00e4nde d\u00fcrfen nicht mit an Bord genommen werden.<\/p>\n<p>Durch die Aush\u00e4ndigung dieser Bedingungen entsteht ein Bef\u00f6rderungsvertrag des Passagiers mit der Firma <strong>BALLONTEAM &#8211; WERL, Wolf-D. KADACH, Kurf\u00fcrstenring 47 in 59457 Werl, Luftfahrtunternehmen D- NRW233<\/strong>. Es d\u00fcrfen nur Personen bef\u00f6rdert werden, mit denen ein Bef\u00f6rderungsvertag zustande gekommen ist. Die Haftung des Luftfrachtf\u00fchrers aus dem Bef\u00f6rderungsvertrag richtet sich nach dem Luftverkehrsgesetz. Die Ersatzpflicht des Luftfrachtfahrers nach \u00a744 des Luftverkehrsgesetzes trifft nicht ein, wenn er beweist, dass er und seine Leute alle erforderlichen Ma\u00dfnahmen zur Verh\u00fctung des Schadens getroffen haben oder dass sie diese Ma\u00dfnahmen nicht treffen konnten. <strong>Bitte achten Sie auf Ihre Kleidung.<\/strong> Durch Witterungseinfl\u00fcsse k\u00f6nnen ru\u00dfhaltige Wassertropfen vom Brenner herabtropfen. Sch\u00e4den die hierdurch eventuell an der Kleidung entstehen werden nicht ersetzt. Aus Sicherheitsgr\u00fcnden bitten wir lange Hosen, feste Schuhe und lang\u00e4rmlige Hemden o.\u00e4. zu tragen.<\/p>\n<p>Die Deckungssumme betr\u00e4gt in der Halterhaftpflicht \/Passagierhaftpflicht 5,5\/ 7 Mio. \u20ac (CSL-Deckung) Diese gilt f\u00fcr Personen und \/ oder Sachsch\u00e4den je 600.000 \u20ac je Schadensereignis. F\u00fcr Gegenst\u00e4nde, die am K\u00f6rper ge-tragen werden, betr\u00e4gt die Versicherungssumme 1.700 \u20ac. Die Unfallversicherung betr\u00e4gt je Passagier 20.000 \u20ac Tod und 20.000 \u20ac bei Invalidit\u00e4t. <strong>Es steht jedem Mitfahrer frei, sich selbst auf eigene Kosten vor der Fahrt h\u00f6her zu versichern.<\/strong><\/p>\n<p>Sch\u00e4den oder Ersatzanspr\u00fcche sind dem Luftfrachtf\u00fchrer unverz\u00fcglich anzuzeigen und geltend zu machen. Hat bei der Entstehung des Schadens ein Verschulden des Verletzten mitgewirkt, so gilt \u00a7 254 des BGB. Ge\u00e4nderte Bef\u00f6rderungsbedingungen bed\u00fcrfen der Schriftform. Bei Klagen aus dem Bef\u00f6rderungsvertrag<br \/>\nregelt das Luftverkehrsgesetz die Bestimmung des Gerichtsstands. Ansonsten ist der Sitz des Unternehmens entscheidend<\/p>\n","protected":false},"excerpt":{"rendered":"<p>Sie erhalten einen Antwortbogen von uns, den Sie bitte umgehend ausgef\u00fcllt und unterschrieben ans Ballonteam Werl zur\u00fccksenden. Erst dann erfolgt die Aufnahme in die Bef\u00f6rderungsliste des Unternehmens. Bei ganz kurzfristig angesetzten Veranstaltungen kann diese Unterschrift auch vor dem Start geleistet werden. &nbsp; Bef\u00f6rderungsbedingungen Teilen Sie etwaige gesundheitliche Beschwerden (Herz, Kreislauf, Gelenke, Operationen oder \u00e4hnliches) bei [&hellip;]<\/p>\n","protected":false},"author":1,"featured_media":0,"parent":0,"menu_order":0,"comment_status":"closed","ping_status":"closed","template":"full-width-page.php","meta":[],"_links":{"self":[{"href":"https:\/\/ballon.de\/index.php?rest_route=\/wp\/v2\/pages\/226"}],"collection":[{"href":"https:\/\/ballon.de\/index.php?rest_route=\/wp\/v2\/pages"}],"about":[{"href":"https:\/\/ballon.de\/index.php?rest_route=\/wp\/v2\/types\/page"}],"author":[{"embeddable":true,"href":"https:\/\/ballon.de\/index.php?rest_route=\/wp\/v2\/users\/1"}],"replies":[{"embeddable":true,"href":"https:\/\/ballon.de\/index.php?rest_route=%2Fwp%2Fv2%2Fcomments&post=226"}],"version-history":[{"count":8,"href":"https:\/\/ballon.de\/index.php?rest_route=\/wp\/v2\/pages\/226\/revisions"}],"predecessor-version":[{"id":283,"href":"https:\/\/ballon.de\/index.php?rest_route=\/wp\/v2\/pages\/226\/revisions\/283"}],"wp:attachment":[{"href":"https:\/\/ballon.de\/index.php?rest_route=%2Fwp%2Fv2%2Fmedia&parent=226"}],"curies":[{"name":"wp","href":"https:\/\/api.w.org\/{rel}","templated":true}]}}